{"id":1907,"date":"2019-12-04T17:09:59","date_gmt":"2019-12-04T23:09:59","guid":{"rendered":"http:\/\/site-dgru.lan.ccud.unam.mx\/?page_id=1907"},"modified":"2020-06-22T13:30:11","modified_gmt":"2020-06-22T18:30:11","slug":"repositorios-digitales","status":"publish","type":"page","link":"https:\/\/dgru.unam.mx\/index.php\/repositorios-digitales\/","title":{"rendered":"Repositorios digitales"},"content":{"rendered":"\n<div class=\"portales-dgru-container\" id=\"page-caracteristicas-dgru\">\n<div id=\"texto-caracteristicas\" class=\"imagen-paginas-dgru-fondo\">\n    <p>La DGRU desarrolla y administra un conjunto de repositorios digitales, que son plataformas tecnol\u00f3gicas para la gesti\u00f3n digital del conocimiento en acceso abierto. Tienen capacidades de almacenamiento, conectividad y acceso.\n<\/p>\n\n<ul class=\"lista-texto-dgru-repositorios\">\n<li>Almacenamiento: hardware, software, metodolog\u00edas y lineamientos destinados a almacenar, organizar y preservar los contenidos digitales y sus metadatos.\n<\/li>\n<br>\n<li>Conectividad: protocolos comunes de comunicaci\u00f3n, lenguajes de intercambio y est\u00e1ndares de datos. Funcionan como interfaces entre repositorios y otras plataformas digitales.<\/li>\n<br>\n<li>Acceso: interacci\u00f3n de los usuarios con el repositorio a trav\u00e9s de un portal para la ingesta, consulta, visualizaci\u00f3n y descarga de recursos digitales.<\/li>\n<\/ul>\n<br>\n<p>Los repositorios permiten la integraci\u00f3n, publicaci\u00f3n y vinculaci\u00f3n de los recursos digitales acad\u00e9micos.<\/p>\n<ul class=\"lista-texto-dgru-repositorios\">\n<li>Integraci\u00f3n: la capacidad de reunir y combinar los distintos recursos acad\u00e9micos de la universidad, de forma estandarizada, para facilitar su consulta unificada.\n<\/li>\n<br>\n<li>Publicaci\u00f3n: poner a disposici\u00f3n de los universitarios y la sociedad en general los recursos acad\u00e9micos digitales de la UNAM, a trav\u00e9s del acceso abierto en internet.\n<\/li>\n<br>\n<li>Vinculaci\u00f3n: fortalecer la colaboraci\u00f3n con instituciones nacionales y extranjeras para aumentar la difusi\u00f3n y diseminaci\u00f3n de los recursos acad\u00e9micos digitales de la UNAM.\n<\/li>\n<\/ul>\n<br>\n<p>Los repositorios digitales que est\u00e1n a cargo de la DGRU son: <span><a href=\"\/index.php\/portal-de-datos-abiertos-unam-colecciones-universitarias-2\/\" class=\"config-title-desc\"  rel=\"noopener noreferrer\">Portal de Datos Abiertos UNAM, Colecciones Universitarias<\/a><\/span> y el <span><a href=\"\/index.php\/repositorio-institucional-unam-2\/\" class=\"config-title-desc\" rel=\"noopener noreferrer\">Repositorio Institucional de la UNAM<\/a><\/span>.\n<\/div>\n<br>\n<div class=\"cards-caracteristicas-dgru aside-portales-dgru\">\n\n\n\n<div class=\"contenedor-texto-informacion-dgru\">\n    \n   <div id=\"imagen-riunam\">\n        \n        <div class=\"cont-title-card-repo main-title-image-platform\">\n             Repositorio Institucional de la UNAM\n        <\/div>\n        <div class=\"cont-text-img-riunam\" style=\"height: 251px; max-height: 251px; opacity: 1;\">\n           \n            <img id=\"cont-img-card-riunam\" class=\"img-main-platform-min\" src=\"\/wp-content\/uploads\/2019\/12\/RIUNAM-spash.png\" style=\"display: none;\">\n           <div><\/div>\n           <div class=\"cont-anim-text-riunam\" style=\"height: 251px;\">\n              <p>  \n              <span>\n                 Permite integrar, publicar y consultar los contenidos acad\u00e9micos que genera y resguarda la Universidad.\n\n             <br>\n             <br>\n              <span class=\"config-anchore-link-card\"><a href=\"\/index.php\/repositorio-institucional-unam-2\/\">Descripci\u00f3n<\/a> <\/span> <span class=\"config-pipe-link-card\">|<\/span> <span class=\"config-anchore-link-card\"><a target=\"_blank\" rel=\"noopener noreferrer\" href=\"https:\/\/repositorio.unam.mx\/\"> Acceso al repositorio <\/a><\/span>\n\n\n              <\/span>\n              <\/p>\n           <\/div>\n        <\/div>\n\n\n        <div class=\"cont-actions-cards-mov\" style=\"justify-content: space-around;\">\n   \n   <span class=\"config-anchore-link-card\" style=\"padding: 10px 0;\"><a href=\"\/index.php\/repositorio-institucional-unam-2\/\">Descripci\u00f3n<\/a> <\/span> <span class=\"config-pipe-link-card\" style=\"padding: 10px 0;\">|<\/span> <span class=\"config-anchore-link-card\" style=\"padding: 10px 0;\"><a target=\"_blank\" rel=\"noopener noreferrer\" href=\"https:\/\/repositorio.unam.mx\/\"> Acceso al repositorio <\/a><\/span>\n   \n   \n   \n   <div><\/div><\/div>\n\n\n    \n<\/div>\n  <\/div>\n\n\n<div class=\"contenedor-texto-informacion-dgru\">\n    \n    <div id=\"imagen-portal-datos\">\n\n         <div class=\"main-title-image-platform\">\n       Portal de Datos Abiertos UNAM, \n          <p>Colecciones Universitarias<\/p>\n     <\/div>\n         <div class=\"cont-text-img-pda\" style=\"height: 236px; max-height: 236px; opacity: 1;\">\n             <img id=\"cont-img-card-pda\" class=\"img-main-platform-min\" src=\"\/wp-content\/uploads\/2019\/12\/PDA-spalsh.png\" style=\"display: none;\">\n             <div><\/div>\n             <div class=\"cont-anim-text-pda\" style=\"height: 236px;\">\n                 <p>Difunde el vasto patrimonio de informaci\u00f3n primaria generada por el trabajo cotidiano de su personal acad\u00e9mico.\n\n                     <br>\n                     <br>\n              <span class=\"config-anchore-link-card\"><a href=\"\/index.php\/portal-de-datos-abiertos-unam-colecciones-universitarias-2\/\">Descripci\u00f3n<\/a> <\/span> <span class=\"config-pipe-link-card\">|<\/span> <span class=\"config-anchore-link-card\"><a target=\"_blank\" rel=\"noopener noreferrer\" href=\"https:\/\/datosabiertos.unam.mx\/\"> Acceso al portal <\/a><\/span>\n\n\n\n\n<\/p>\n             <\/div>\n         <\/div>\n      \n      \n        <div class=\"cont-actions-cards-mov\" style=\"\/*! padding: 10px; *\/justify-content: space-around;\">\n<span class=\"config-anchore-link-card\" style=\"padding: 10px 0;\"><a href=\"\/index.php\/portal-de-datos-abiertos-unam-colecciones-universitarias-2\/\" style=\"\/*! padding: 10px 0; *\/\">Descripci\u00f3n<\/a> <\/span> <span class=\"config-pipe-link-card\" style=\"padding: 10px 0;\">|<\/span> <span class=\"config-anchore-link-card\" style=\"padding: 10px 0;\"><a target=\"_blank\" rel=\"noopener noreferrer\" href=\"https:\/\/datosabiertos.unam.mx\/\"> Acceso al portal <\/a><\/span>\n    \n    \n<\/div>\n\n\n\n\n   <\/div>\n  <\/div>\n\n\n\n\n<\/div>\n<\/div>\n\n\n\n<p><\/p>\n","protected":false},"excerpt":{"rendered":"<p>La DGRU desarrolla y administra un conjunto de repositorios digitales, que son plataformas tecnol\u00f3gicas para&#8230;<\/p>\n","protected":false},"author":3,"featured_media":0,"parent":0,"menu_order":0,"comment_status":"closed","ping_status":"closed","template":"","meta":[],"_links":{"self":[{"href":"https:\/\/dgru.unam.mx\/index.php\/wp-json\/wp\/v2\/pages\/1907"}],"collection":[{"href":"https:\/\/dgru.unam.mx\/index.php\/wp-json\/wp\/v2\/pages"}],"about":[{"href":"https:\/\/dgru.unam.mx\/index.php\/wp-json\/wp\/v2\/types\/page"}],"author":[{"embeddable":true,"href":"https:\/\/dgru.unam.mx\/index.php\/wp-json\/wp\/v2\/users\/3"}],"replies":[{"embeddable":true,"href":"https:\/\/dgru.unam.mx\/index.php\/wp-json\/wp\/v2\/comments?post=1907"}],"version-history":[{"count":55,"href":"https:\/\/dgru.unam.mx\/index.php\/wp-json\/wp\/v2\/pages\/1907\/revisions"}],"predecessor-version":[{"id":2850,"href":"https:\/\/dgru.unam.mx\/index.php\/wp-json\/wp\/v2\/pages\/1907\/revisions\/2850"}],"wp:attachment":[{"href":"https:\/\/dgru.unam.mx\/index.php\/wp-json\/wp\/v2\/media?parent=1907"}],"curies":[{"name":"wp","href":"https:\/\/api.w.org\/{rel}","templated":true}]}}