{"id":34,"date":"2019-08-19T17:19:19","date_gmt":"2019-08-19T22:19:19","guid":{"rendered":"http:\/\/10.1.6.193\/wordpress\/?page_id=34"},"modified":"2020-07-02T16:41:15","modified_gmt":"2020-07-02T21:41:15","slug":"antecedentes","status":"publish","type":"page","link":"https:\/\/dgru.unam.mx\/index.php\/antecedentes\/","title":{"rendered":"Antecedentes"},"content":{"rendered":"\n<div id=\"antecedentes-page-dgru\" style=\"margin-top: 2em;\">\n  <div class=\"texto-antecedentes-dgru\">\n    <p>La Direcci\u00f3n General de Repositorios Universitarios (DGRU) tiene en sus antecedentes a la Coordinaci\u00f3n de Colecciones Universitarias Digitales (CCUD), dependencia de la UNAM que fue constituida con la finalidad de integrar y publicar las colecciones universitarias para su consulta como datos abiertos a trav\u00e9s del Portal de Datos Abiertos UNAM, Colecciones Universitarias (<a href=\"https:\/\/datosabiertos.unam.mx\/\" target=\"_blank\" rel=\"noopener noreferrer\" class=\"config-title-desc\">datosabiertos.unam.mx<\/a>) adscrita a la Secretar\u00eda de Desarrollo Institucional, creada por el rector mediante el <a href=\"\/wp-content\/uploads\/2019\/10\/Ac.Creacion_CCUD_2013_01_14.pdf\" class=\"config-title-desc\" target=\"_blank\" rel=\"noopener noreferrer\"> &#8220;Acuerdo por el que se crea la Coordinaci\u00f3n de Colecciones Universitarias Digitales&#8221;<\/a>.<\/p>\n\n<p>La CCUD recuper\u00f3 la experiencia obtenida desde el 2004 en el proyecto universitario Impulsa 5, donde se cre\u00f3 el Sistema de Inform\u00e1tica para la Biodiversidad y el Ambiente (SIBA), cuyo objetivo fue publicar en l\u00ednea diferentes acervos digitales sobre estas tem\u00e1ticas. Para ello, estructur\u00f3 y puso en marcha una red de informaci\u00f3n para la organizaci\u00f3n e integraci\u00f3n de datos biol\u00f3gicos y geogr\u00e1ficos al fomentar la creaci\u00f3n de unidades inform\u00e1ticas en las entidades participantes del Subsistema de la Investigaci\u00f3n Cient\u00edfica. En una etapa posterior, SIBA replic\u00f3 el modelo de trabajo con el acervo fotogr\u00e1fico del Instituto de Investigaciones Est\u00e9ticas en 2010, integrando as\u00ed datos de otras \u00e1reas del conocimiento.<\/p>\n\n<p>La CCUD fue resultado de ese impulso institucional por expandir la red inform\u00e1tica y adaptarla a un sistema que integrara, junto con las bases de datos y colecciones de biodiversidad, los acervos universitarios art\u00edsticos y human\u00edsticos, as\u00ed como los de otras \u00e1reas cient\u00edficas.<\/p>\n\n<p>Dentro de los principales objetivos de la coordinaci\u00f3n se encontraban los siguientes:<\/p>\n\n<p><strong>a)<\/strong> Implementar una plataforma que facilite la integraci\u00f3n, interacci\u00f3n y aprovechamiento de las colecciones existentes en la UNAM, bajo resguardo de las entidades y dependencias universitarias.<\/p>\n\n<p><strong>b)<\/strong> Recibir y sistematizar la informaci\u00f3n sobre las colecciones cient\u00edficas, human\u00edsticas y art\u00edsticas de la universidad.<\/p>\n\n<p><strong>c)<\/strong> Definir est\u00e1ndares y protocolos para el manejo digital de las colecciones con el fin de garantizar su interoperabilidad.<\/p>\n\n<p><strong>d)<\/strong> Proveer con herramientas y asesor\u00eda a las entidades y dependencias para la integraci\u00f3n de las colecciones digitales en formatos abiertos, a fin de promover la investigaci\u00f3n transdisciplinaria mediante el acceso a las colecciones y su informaci\u00f3n asociada.<\/p>\n\n<p><strong>e)<\/strong> Difundir como Datos Abiertos las colecciones de la universidad a trav\u00e9s del Portal de Datos Abiertos UNAM, Colecciones Universitarias <a href=\"https:\/\/datosabiertos.unam.mx\/\" target=\"_blank\" class=\"config-title-desc\" rel=\"noopener noreferrer\">(datosabiertos.unam.mx)<\/a>.<\/p>\n\n<p> Las funciones de la coordinaci\u00f3n se modificaron y ampliaron para cumplir con la difusi\u00f3n del acervo digital como Datos Abiertos a trav\u00e9s del Portal de Datos Abiertos UNAM, Colecciones Universitarias, mismas que quedaron asentadas en el <a href=\"\/wp-content\/uploads\/2019\/10\/Ac.Reestructura_SDI_2015_11_30.pdf\" class=\"config-title-desc\" target=\"_blank\" rel=\"noopener noreferrer\">\u201cAcuerdo que Reorganiza las Funciones y Estructura de la Secretar\u00eda de Desarrollo Institucional de la UNAM\u201d<\/a> \u2014Gaceta UNAM, 30 de noviembre de 2015\u2014, del rector.\n<\/p>\n\n<p class=\"title-objective-dgru\">Creaci\u00f3n de la DGRU<\/p>\n<p>\nLa DGRU fue creada por acuerdo del Rector Dr. Enrique Graue Wiechers a trav\u00e9s del <a href=\"\/wp-content\/uploads\/2020\/07\/GA_AC_SDI_20181105_Reestructura_Administrativa_SDI.pdf\" class=\"config-title-desc\" target=\"_blank\" rel=\"noopener noreferrer\">Acuerdo que Reorganiza la Estructura Administrativa de la UNAM<\/a>.  En el Acuerdo D\u00e9cimo Primero desaparece la Coordinaci\u00f3n de Colecciones Universitarias Digitales y se crea la Direcci\u00f3n General de Repositorios Universitarios adscrita a la Secretar\u00eda de Desarrollo Institucional (p. 3).\n<\/p>\n<p>Las funciones de la DGRU quedan se\u00f1aladas en el <a href=\"\/wp-content\/uploads\/2020\/07\/GA_AC_DGRU_20181105_Reorganiza_Funciones_Estructura_SDI.pdf\" class=\"config-title-desc\" target=\"_blank\" rel=\"noopener noreferrer\">Acuerdo que Reorganiza las Funciones y Estructura de la Secretar\u00eda de Desarrollo Institucional de la UNAM<\/a>, en su Acuerdo Decimo Segundo (p.14).<\/p>\n\n<p>Ambos Acuerdos publicados en el Suplemento Especial de Gaceta UNAM del 5 noviembre de 2018.\n<\/p>\n\n   \n  <\/div>\n\n  <div class=\"aside-portales-dgru\">\n      <ul>\n         <li style=\"margin-bottom:1em; font-size:14px;\">Documentos<\/li>\n         <ul style=\"margin-bottom:2em;\" class=\"c-lista-descripcion-fichas\">\n             <li><a href=\"\/wp-content\/uploads\/2019\/10\/Ac.Creacion_CCUD_2013_01_14.pdf\" title=\"Acuerdo por el que se crea la Coordinaci\u00f3n de Colecciones Universitarias Digitales\" target=\"_blank\" rel=\"noopener noreferrer\"><img src=\"\/wp-content\/uploads\/2019\/10\/Ac.Creacion_CCUD_2013_01_14_200_0.png\"> <span>Acuerdo por el que se crea la Coordinaci\u00f3n de Colecciones Universitarias Digitales.<br><span class=\"title-gaceta-unam\">Gaceta UNAM, 14 de enero de 2013.<\/span><\/span><\/a><\/li>\n\n             <li><a href=\"\/wp-content\/uploads\/2019\/10\/Ac.Lineamientos_Generales_Politica_Acceso_Abierto_UNAM_2015_09_10.pdf\" title=\"Acuerdo por el que se establecen los Lineamientos Generales para la Pol\u00edtica de Acceso Abierto de la UNAM\" target=\"_blank\" rel=\"noopener noreferrer\"><img src=\"\/wp-content\/uploads\/2019\/10\/Ac.Lineamientos_Generales_Politica_Acceso_Abierto_UNAM_2015_09_10_200_0.png\"> <span>Acuerdo por el que se establecen los Lineamientos Generales para la Pol\u00edtica de Acceso Abierto de la UNAM.<br><span class=\"title-gaceta-unam\">Gaceta UNAM, 10 de septiembre de 2015.<\/span><\/span><\/a><\/li>\n\n             <li><a href=\"\/wp-content\/uploads\/2019\/10\/Ac.Modificatorio_CCUD_2015_09_14.pdf\" title=\"Acuerdo por el que se modifica el diverso que crea la Coordinaci\u00f3n de Colecciones Universitarias Digitales\" target=\"_blank\" rel=\"noopener noreferrer\"><img src=\"\/wp-content\/uploads\/2019\/10\/Ac.Modificatorio_CCUD_2015_09_14_200_0.png\"> <span>Acuerdo por el que se modifica el diverso que crea la Coordinaci\u00f3n de Colecciones Universitarias Digitales.<br><span class=\"title-gaceta-unam\">Gaceta UNAM, 14 de septiembre de 2015.<\/span><\/span><\/a><\/li>\n\n             <li><a href=\"\/wp-content\/uploads\/2019\/10\/Ac.Reestructura_SDI_2015_11_30.pdf\" title=\"Acuerdo que Reorganiza las Funciones y Estructura de la Secretar\u00eda de Desarrollo Institucional de la UNAM\" target=\"_blank\" rel=\"noopener noreferrer\"><img src=\"\/wp-content\/uploads\/2019\/10\/Ac.Reestructura_SDI_2015_11_30_200_0.png\"> <span>Acuerdo que Reorganiza las Funciones y Estructura de la Secretar\u00eda de Desarrollo Institucional de la UNAM.<br><span class=\"title-gaceta-unam\">Gaceta UNAM, 30 de noviembre de 2015.<\/span><\/span><\/a><\/li>\n\n             <li><a href=\"\/wp-content\/uploads\/2020\/07\/GA_AC_SDI_20181105_Reestructura_Administrativa_SDI.pdf\" title=\"Acuerdo que reorganiza la estructura administrativa de la UNAM\" target=\"_blank\" rel=\"noopener noreferrer\"><img src=\"\/wp-content\/uploads\/2019\/10\/Ac.Reestructura_SDI_2018_11_05_200_0.png\"> <span>Acuerdo que reorganiza la estructura administrativa de la UNAM.<br><span class=\"title-gaceta-unam\">Gaceta UNAM, 5 de noviembre de 2018.<\/span><\/span><\/a>\n\n<\/li>\n\n<li><a href=\"\/wp-content\/uploads\/2020\/07\/GA_AC_DGRU_20181105_Reorganiza_Funciones_Estructura_SDI.pdf\" title=\"Acuerdo que Reorganiza las Funciones y Estructura de la Secretar\u00eda de Desarrollo Institucional de la UNAM\" target=\"_blank\" rel=\"noopener noreferrer\"><img src=\"\/wp-content\/uploads\/2020\/07\/portada_pdfacuerdos.png\"> <span>Acuerdo que Reorganiza las Funciones y Estructura de la Secretar\u00eda de Desarrollo Institucional de la UNAM.<br><span class=\"title-gaceta-unam\">Gaceta UNAM, 5 de noviembre de 2018.<\/span><\/span><\/a>\n\n<\/li>\n         <\/ul>\n  <\/div>\n<\/div>\n\n\n\n<p><\/p>\n","protected":false},"excerpt":{"rendered":"<p>La Direcci\u00f3n General de Repositorios Universitarios (DGRU) tiene en sus antecedentes a la Coordinaci\u00f3n de&#8230;<\/p>\n","protected":false},"author":2,"featured_media":0,"parent":0,"menu_order":0,"comment_status":"closed","ping_status":"closed","template":"","meta":[],"_links":{"self":[{"href":"https:\/\/dgru.unam.mx\/index.php\/wp-json\/wp\/v2\/pages\/34"}],"collection":[{"href":"https:\/\/dgru.unam.mx\/index.php\/wp-json\/wp\/v2\/pages"}],"about":[{"href":"https:\/\/dgru.unam.mx\/index.php\/wp-json\/wp\/v2\/types\/page"}],"author":[{"embeddable":true,"href":"https:\/\/dgru.unam.mx\/index.php\/wp-json\/wp\/v2\/users\/2"}],"replies":[{"embeddable":true,"href":"https:\/\/dgru.unam.mx\/index.php\/wp-json\/wp\/v2\/comments?post=34"}],"version-history":[{"count":173,"href":"https:\/\/dgru.unam.mx\/index.php\/wp-json\/wp\/v2\/pages\/34\/revisions"}],"predecessor-version":[{"id":2875,"href":"https:\/\/dgru.unam.mx\/index.php\/wp-json\/wp\/v2\/pages\/34\/revisions\/2875"}],"wp:attachment":[{"href":"https:\/\/dgru.unam.mx\/index.php\/wp-json\/wp\/v2\/media?parent=34"}],"curies":[{"name":"wp","href":"https:\/\/api.w.org\/{rel}","templated":true}]}}